{"id":49,"date":"2021-10-10T11:30:11","date_gmt":"2021-10-10T11:30:11","guid":{"rendered":"https:\/\/kupatila.biz\/?page_id=49"},"modified":"2021-10-30T13:40:02","modified_gmt":"2021-10-30T13:40:02","slug":"uredjenje-kupatila","status":"publish","type":"page","link":"https:\/\/kupatila.biz\/?page_id=49","title":{"rendered":"Materijal"},"content":{"rendered":"<p>[et_pb_section fb_built=&#8221;1&#8243; _builder_version=&#8221;4.12.0&#8243; _module_preset=&#8221;default&#8221; hover_enabled=&#8221;0&#8243; global_colors_info=&#8221;{}&#8221; sticky_enabled=&#8221;0&#8243; custom_margin=&#8221;||||false|false&#8221; custom_padding=&#8221;21px||||false|false&#8221;][et_pb_row column_structure=&#8221;1_4,3_4&#8243; _builder_version=&#8221;4.11.2&#8243; _module_preset=&#8221;default&#8221; global_colors_info=&#8221;{}&#8221;][et_pb_column type=&#8221;1_4&#8243; _builder_version=&#8221;4.11.2&#8243; _module_preset=&#8221;default&#8221; global_colors_info=&#8221;{}&#8221;][et_pb_sidebar _builder_version=&#8221;4.12.0&#8243; _module_preset=&#8221;default&#8221; hover_enabled=&#8221;0&#8243; sticky_enabled=&#8221;0&#8243; custom_margin=&#8221;||-2px|||&#8221;][\/et_pb_sidebar][et_pb_cta title=&#8221;Your Title Goes Here&#8221; button_text=&#8221;Click Here&#8221; _builder_version=&#8221;4.12.0&#8243; _module_preset=&#8221;default&#8221; background_enable_image=&#8221;off&#8221; global_colors_info=&#8221;{}&#8221; global_module=&#8221;969&#8243; theme_builder_area=&#8221;post_content&#8221;]<\/p>\n<p>Your content goes here. Edit or remove this text inline or in the module Content settings.<\/p>\n<p>[\/et_pb_cta][et_pb_blurb title=&#8221;Your Title Goes Here&#8221; image=&#8221;https:\/\/kupatila.biz\/wp-content\/uploads\/2021\/10\/promo1.jpg&#8221; _builder_version=&#8221;4.12.0&#8243; _module_preset=&#8221;default&#8221; background_enable_image=&#8221;off&#8221; global_colors_info=&#8221;{}&#8221; global_module=&#8221;970&#8243; theme_builder_area=&#8221;post_content&#8221;]<\/p>\n<p>Your content goes here. Edit or remove this text inline or in the module Content settings. <\/p>\n<p>[\/et_pb_blurb][\/et_pb_column][et_pb_column type=&#8221;3_4&#8243; _builder_version=&#8221;4.11.2&#8243; _module_preset=&#8221;default&#8221; global_colors_info=&#8221;{}&#8221;][et_pb_text _builder_version=&#8221;4.11.2&#8243; _module_preset=&#8221;default&#8221; header_font=&#8221;Montserrat|||on|||||&#8221; header_font_size=&#8221;20px&#8221; header_letter_spacing=&#8221;0.5px&#8221; custom_margin=&#8221;||11px||false|false&#8221; global_colors_info=&#8221;{}&#8221;]<\/p>\n<h1>Opremanje kupatila &#8211; Materijali<\/h1>\n<p>[\/et_pb_text][et_pb_text _builder_version=&#8221;4.11.2&#8243; _module_preset=&#8221;default&#8221; header_font=&#8221;Montserrat|||on|||||&#8221; header_text_color=&#8221;#444444&#8243; header_font_size=&#8221;20px&#8221; header_2_font=&#8221;Montserrat|||on|||||&#8221; header_2_text_color=&#8221;#444444&#8243; header_2_font_size=&#8221;18px&#8221; text_orientation=&#8221;justified&#8221; global_colors_info=&#8221;{}&#8221;]<\/p>\n<p><strong>Opremanje kupatila<\/strong> uz na\u0161u pomo\u0107 postaje zabava i razonoda za vas i va\u0161e uku\u0107ane!<\/p>\n<p><a href=\"https:\/\/kupatila.biz\/keramika\/kupatilo\/\">Salon keramike<\/a>, u zasebnom objektu, pored keramickih plocica i opreme za kupatila u svojoj ponudi ima i <em>vodo materijal<\/em>, <strong>kanalizacioni materijal<\/strong> i <span style=\"text-decoration: underline;\">materijal za grejanje<\/span>. U zasebnoj radnji salona karemike mo\u017eete da pronadjete gotovo sve iz te oblasti. Velik izbor ventila, cevi, rezervnih delova za sanitarije, greja\u010de, bojlere, PPc cevi, elektro materijal itd.<\/p>\n<p>Mnogi majstori dugi niz godina snadbevaju se kod nas. Posetite nas ili nas slobodno nazovite da se raspitate, ukoliko vam je potreban bilo kakav rezervni deo.<\/p>\n<p>Iz ponude elektromaterijala izdvajamo:<\/p>\n<ul>\n<li>kablove i provodnike, automatske osigurace,<\/li>\n<li>ventilatore, prekidace i uticnice,<\/li>\n<li>razvodne table i ormane, prigusnice,<\/li>\n<li>rasvetu, produzne kablove, pvc trake itd.<\/li>\n<\/ul>\n<p><strong>Program za grejanje<\/strong> obuhvata:<\/p>\n<ul>\n<li>radijatore: aluminijumski radijatori, panelni radijatori<\/li>\n<li>kotlove: kotlovi na \u010dvrsta goriva (Global, Kalidor, Kaldo, Ragal), elektri\u010dni kotlovi (Ekopan DM, Vailant)<\/li>\n<li>bakarne cevi i fiting<\/li>\n<li>cirkulacione pumpe (Vilo, IMP, Grumfos)<\/li>\n<li>ekspanzione posude (Elbi)<\/li>\n<li>alupex\/pex cevi i fiting (Henko, Frankishe)<\/li>\n<li>izolacija za cevi i flex creva<\/li>\n<\/ul>\n<p><strong>Vodovod:<\/strong><\/p>\n<ul>\n<li><strong>PPR cevi i fiting (PILSA, AQUATERM, PESTAN)<\/strong><\/li>\n<li>pocinkovani fiting, PVC kanalizacija, okiten creva<\/li>\n<li>MS i PP kompresioni fiting, elektricni grejaci vode<\/li>\n<li>hidroforske posude itd.<\/li>\n<\/ul>\n<p>&nbsp;<\/p>\n<h2>Moderna kupatila<\/h2>\n<p><strong>Plocice za kuhinju<\/strong>, <em>kupatilski namestaj<\/em>, <a href=\"https:\/\/kupatila.biz\/keramika\/kupatilo\/\">plocice za kupatilo<\/a>, sanitarije, paravani za kade, <span style=\"text-decoration: underline;\">baterije, kade, tus kabine<\/span>, vodokotlic, ogledala za kupatilo, vodokotlic, wc solja, grejalice za kupatilo&#8230; Sve \u0161to mo\u017eete da zamislite po najpovoljnijim cenama na na\u0161em tr\u017ei\u0161tu!<\/p>\n<p>&nbsp;<\/p>\n<p>Dodjite i uverite se o kvalitetu i raznovrsnosti ponude!<\/p>\n<p>Opremanje kupatila, brzo lako i jednostavno! Kupatila Beograd &#8211; sve na jednom mestu!<\/p>\n<p>&nbsp;<\/p>\n<p>[\/et_pb_text][\/et_pb_column][\/et_pb_row][\/et_pb_section]<\/p>\n","protected":false},"excerpt":{"rendered":"<p>Your content goes here. Edit or remove this text inline or in the module Content settings.Your content goes here. Edit or remove this text inline or in the module Content settings. Opremanje kupatila &#8211; MaterijaliOpremanje kupatila uz na\u0161u pomo\u0107 postaje zabava i razonoda za vas i va\u0161e uku\u0107ane! Salon keramike, u zasebnom objektu, pored keramickih [&hellip;]<\/p>\n","protected":false},"author":1,"featured_media":0,"parent":36,"menu_order":3,"comment_status":"closed","ping_status":"closed","template":"","meta":{"_et_pb_use_builder":"on","_et_pb_old_content":"<!-- wp:divi\/placeholder \/-->","_et_gb_content_width":"","footnotes":""},"class_list":["post-49","page","type-page","status-publish","hentry"],"yoast_head":"<!-- This site is optimized with the Yoast SEO plugin v25.3.1 - https:\/\/yoast.com\/wordpress\/plugins\/seo\/ -->\n<title>Plo\u010dice za kupatilo - Kupatila Beograd<\/title>\n<meta name=\"description\" content=\"Salon keramike u ponudi, u zasebnom objektu se pored opreme za\" \/>\n<meta name=\"robots\" content=\"index, follow, max-snippet:-1, max-image-preview:large, max-video-preview:-1\" \/>\n<link rel=\"canonical\" href=\"https:\/\/kupatila.biz\/?page_id=49\" \/>\n<meta property=\"og:locale\" content=\"en_US\" \/>\n<meta property=\"og:type\" content=\"article\" \/>\n<meta property=\"og:title\" content=\"Plo\u010dice za kupatilo - Kupatila Beograd\" \/>\n<meta property=\"og:description\" content=\"Salon keramike u ponudi, u zasebnom objektu se pored opreme za\" \/>\n<meta property=\"og:url\" content=\"https:\/\/kupatila.biz\/?page_id=49\" \/>\n<meta property=\"og:site_name\" content=\"Kupatila Beograd\" \/>\n<meta property=\"article:modified_time\" content=\"2021-10-30T13:40:02+00:00\" \/>\n<meta name=\"twitter:card\" content=\"summary_large_image\" \/>\n<script type=\"application\/ld+json\" class=\"yoast-schema-graph\">{\"@context\":\"https:\/\/schema.org\",\"@graph\":[{\"@type\":\"WebPage\",\"@id\":\"https:\/\/kupatila.biz\/?page_id=49\",\"url\":\"https:\/\/kupatila.biz\/?page_id=49\",\"name\":\"Plo\u010dice za kupatilo - Kupatila Beograd\",\"isPartOf\":{\"@id\":\"https:\/\/kupatila.biz\/#website\"},\"datePublished\":\"2021-10-10T11:30:11+00:00\",\"dateModified\":\"2021-10-30T13:40:02+00:00\",\"description\":\"Salon keramike u ponudi, u zasebnom objektu se pored opreme za\",\"breadcrumb\":{\"@id\":\"https:\/\/kupatila.biz\/?page_id=49#breadcrumb\"},\"inLanguage\":\"en-US\",\"potentialAction\":[{\"@type\":\"ReadAction\",\"target\":[\"https:\/\/kupatila.biz\/?page_id=49\"]}]},{\"@type\":\"BreadcrumbList\",\"@id\":\"https:\/\/kupatila.biz\/?page_id=49#breadcrumb\",\"itemListElement\":[{\"@type\":\"ListItem\",\"position\":1,\"name\":\"Home\",\"item\":\"https:\/\/kupatila.biz\/\"},{\"@type\":\"ListItem\",\"position\":2,\"name\":\"O nama\",\"item\":\"https:\/\/kupatila.biz\/?page_id=36\"},{\"@type\":\"ListItem\",\"position\":3,\"name\":\"Materijal\"}]},{\"@type\":\"WebSite\",\"@id\":\"https:\/\/kupatila.biz\/#website\",\"url\":\"https:\/\/kupatila.biz\/\",\"name\":\"Kupatila Beograd\",\"description\":\"Keramika\",\"potentialAction\":[{\"@type\":\"SearchAction\",\"target\":{\"@type\":\"EntryPoint\",\"urlTemplate\":\"https:\/\/kupatila.biz\/?s={search_term_string}\"},\"query-input\":{\"@type\":\"PropertyValueSpecification\",\"valueRequired\":true,\"valueName\":\"search_term_string\"}}],\"inLanguage\":\"en-US\"}]}<\/script>\n<!-- \/ Yoast SEO plugin. -->","yoast_head_json":{"title":"Plo\u010dice za kupatilo - Kupatila Beograd","description":"Salon keramike u ponudi, u zasebnom objektu se pored opreme za","robots":{"index":"index","follow":"follow","max-snippet":"max-snippet:-1","max-image-preview":"max-image-preview:large","max-video-preview":"max-video-preview:-1"},"canonical":"https:\/\/kupatila.biz\/?page_id=49","og_locale":"en_US","og_type":"article","og_title":"Plo\u010dice za kupatilo - Kupatila Beograd","og_description":"Salon keramike u ponudi, u zasebnom objektu se pored opreme za","og_url":"https:\/\/kupatila.biz\/?page_id=49","og_site_name":"Kupatila Beograd","article_modified_time":"2021-10-30T13:40:02+00:00","twitter_card":"summary_large_image","schema":{"@context":"https:\/\/schema.org","@graph":[{"@type":"WebPage","@id":"https:\/\/kupatila.biz\/?page_id=49","url":"https:\/\/kupatila.biz\/?page_id=49","name":"Plo\u010dice za kupatilo - Kupatila Beograd","isPartOf":{"@id":"https:\/\/kupatila.biz\/#website"},"datePublished":"2021-10-10T11:30:11+00:00","dateModified":"2021-10-30T13:40:02+00:00","description":"Salon keramike u ponudi, u zasebnom objektu se pored opreme za","breadcrumb":{"@id":"https:\/\/kupatila.biz\/?page_id=49#breadcrumb"},"inLanguage":"en-US","potentialAction":[{"@type":"ReadAction","target":["https:\/\/kupatila.biz\/?page_id=49"]}]},{"@type":"BreadcrumbList","@id":"https:\/\/kupatila.biz\/?page_id=49#breadcrumb","itemListElement":[{"@type":"ListItem","position":1,"name":"Home","item":"https:\/\/kupatila.biz\/"},{"@type":"ListItem","position":2,"name":"O nama","item":"https:\/\/kupatila.biz\/?page_id=36"},{"@type":"ListItem","position":3,"name":"Materijal"}]},{"@type":"WebSite","@id":"https:\/\/kupatila.biz\/#website","url":"https:\/\/kupatila.biz\/","name":"Kupatila Beograd","description":"Keramika","potentialAction":[{"@type":"SearchAction","target":{"@type":"EntryPoint","urlTemplate":"https:\/\/kupatila.biz\/?s={search_term_string}"},"query-input":{"@type":"PropertyValueSpecification","valueRequired":true,"valueName":"search_term_string"}}],"inLanguage":"en-US"}]}},"_links":{"self":[{"href":"https:\/\/kupatila.biz\/index.php?rest_route=\/wp\/v2\/pages\/49","targetHints":{"allow":["GET"]}}],"collection":[{"href":"https:\/\/kupatila.biz\/index.php?rest_route=\/wp\/v2\/pages"}],"about":[{"href":"https:\/\/kupatila.biz\/index.php?rest_route=\/wp\/v2\/types\/page"}],"author":[{"embeddable":true,"href":"https:\/\/kupatila.biz\/index.php?rest_route=\/wp\/v2\/users\/1"}],"replies":[{"embeddable":true,"href":"https:\/\/kupatila.biz\/index.php?rest_route=%2Fwp%2Fv2%2Fcomments&post=49"}],"version-history":[{"count":0,"href":"https:\/\/kupatila.biz\/index.php?rest_route=\/wp\/v2\/pages\/49\/revisions"}],"up":[{"embeddable":true,"href":"https:\/\/kupatila.biz\/index.php?rest_route=\/wp\/v2\/pages\/36"}],"wp:attachment":[{"href":"https:\/\/kupatila.biz\/index.php?rest_route=%2Fwp%2Fv2%2Fmedia&parent=49"}],"curies":[{"name":"wp","href":"https:\/\/api.w.org\/{rel}","templated":true}]}}